 5*w - 8. Give v(f).
6
Let a(g) = g**2 - 10*g + 30. Let j be a(4). Let f(p) = p - 10. Calculate f(j).
-4
Let d = 2 - 3. Let i(z) = -11*z**2 + 18*z + 1. Let p(v) = 10*v**2 - 14*v - 1. Let o(c) = 3*i(c) + 4*p(c). What is o(d)?
8
Let o(n) = -2*n**2 + 42*n - 2. Let i be o(21). Let v(f) = 3*f**2 + f - 4. Calculate v(i).
6
Let w(t) = -3*t + 3. Suppose -6 = 3*v, o = 5*o - v - 10. Suppose 5 = o*c + 1. Suppose 3*l - 3*d = -c*d + 10, 4*l - d = 13. Determine w(l).
-6
Suppose -2*g + 25 = 3*q, -3*g - 3*q = -22 - 8. Suppose -g*c + 13 = 3*a, c = 1 + 4. Let j(k) = 4*k - 1. Calculate j(a).
-17
Let z = -16 - -18. Let v(q) = -2*q - 4 + q**2 - 1 + 0 + z. Determine v(3).
0
Let j(b) = b**3 + 3*b**2 + b + 3. Let n = -975 - -971. Calculate j(n).
-17
Let q(n) be the third derivative of -n**5/60 + 5*n**4/24 - n**3/3 + 23*n**2. Give q(2).
4
Let u(d) be the first derivative of -d**2/2 + 2*d - 1. Suppose -7*l + 6 = -15. What is u(l)?
-1
Let v(d) = 3*d**2 - 14*d + 5. Let o be v(4). Let w(h) = -h**3 - 4*h**2 - 3*h - 1. What is w(o)?
-1
Let c(i) = i**3 + 11*i**2 - 9*i + 14. Let v be c(-12). Let l = v + 25. Let m(a) = -l*a**3 + 2 + 3*a - 6*a**2 + 2*a**3 + 5*a - a. Give m(-7).
2
Suppose 3*k - 64 = h, -h = 2*k - 2*h - 42. Suppose a + k = 3*a + 4*f, -10 = -a - f. Let o(s) = a + s - 2*s - 11. Give o(-4).
2
Suppose 8 = 3*t - 10. Suppose 4*o + 4*q - 4 = 0, 3*o - q = -o + 4. Let l(x) = -4*x - x**3 + 11*x**2 + o - 5*x**2 + 0 + 3*x. Determine l(t).
-5
Let d be (3/12)/((-4)/(-56))*-2. Let b(x) = -3*x**2 - 20*x - 2. Calculate b(d).
-9
Let l(x) be the second derivative of x**3/6 - 3*x**2/2 + x - 11. Calculate l(0).
-3
Let n(p) = -p**3 + 4*p**2 + 5*p - 4. Let v = -334 + 338. Calculate n(v).
16
Let f(t) = -t**2 + t - 1. Let j(n) = 5*n**3 + 5*n**2 + 4. Let q(y) = 2*f(y) + j(y). What is q(-2)?
-30
Let d = 28 + -27. Let c(f) = 2*f**2 + 3*f**3 + 4 - 3 + d + f. What is c(-2)?
-16
Suppose 6*c = 9*c - 165. Suppose 0 = -z - r + 2*r + 3, 3*r - c = -5*z. Let n(y) = 2 - 9*y**2 + z*y**2 - 3*y + y + 7*y. Determine n(6).
-4
Suppose -f - 14 + 10 = 0. Let v(x) = 5*x + 3*x**2 + 3 - 2 - 2*x**2. Calculate v(f).
-3
Let q(o) be the second derivative of 3*o**5/10 + o**3/6 - 2*o. Let y be (-2)/4 - (-50)/4. Let f = -11 + y. Calculate q(f).
7
Let a(x) = 4*x - 8. Let d(h) = h + 1. Let b(t) = -a(t) + 5*d(t). Determine b(-5).
8
Let k(w) = 3*w**2 - 1. Suppose 0 = 4*v + 8, 0 = -0*z + 5*z - 4*v - 28. Let q be 8/z - (-5 - 2). Let o(u) = u**2 - 10*u + 8. Let p be o(q). What is k(p)?
2
Let d = -60 + 100. Let u(h) = 0*h - d + 35 + h. Determine u(9).
4
Let t = 4 - 1. Suppose t*g - 4*g = -6. Let w(n) be the third derivative of n**5/60 - n**4/4 - n**3/6 - 2*n**2. What is w(g)?
-1
Let t(d) be the first derivative of d**2/2 + 3*d - 22. Let g(s) be the second derivative of -s**3/6 - 5*s**2 + 2*s. Let v be g(-6). What is t(v)?
-1
Let v(l) = -l. Let q = -388 - -395. What is v(q)?
-7
Suppose 13*g - 25*g = 132. Let h(q) = -q**2 - q. Let x(k) = 2*k**2 + 3*k + 1. Let a(j) = g*h(j) - 6*x(j). Give a(-4).
6
Let d(j) = 5*j**3 - 12*j**2 + 12*j + 6. Let p(w) = -9*w**3 + 24*w**2 - 24*w - 10. Let i(a) = -7*d(a) - 4*p(a). Calculate i(11).
9
Suppose 3*g - 12 = -3*j, 0*g + 4 = g + 5*j. Suppose 0 = -3*a + 7*a + g. Let k be 3 + a + (-1 - 2). Let l(x) = 12*x**2 + x. Determine l(k).
11
Let v(g) = g**2 + 7*g - 13. Let q be v(-9). Suppose q*z = -5*j + j + 15, -3*z + 9 = 3*j. Let d(f) = 3 + f + 6 + z. Give d(-5).
7
Let m(f) be the second derivative of f**4/12 - 3*f**3/2 - f**2/2 - 43*f. What is m(10)?
9
Suppose -5*v + 2*b - 30 = 7*b, 2*b + 2 = 0. Let n(f) be the third derivative of -f**4/24 - 5*f**3/3 - 2*f**2. Give n(v).
-5
Let y(o) = -18*o**3 + 2*o**2 - 1. Suppose 4*q + 24 = 2*d, 6*q - q + 24 = d. Suppose -d*t - 2*a = -14, -6 = -t - 3*a + 10. Give y(t).
-17
Let r(h) = -24*h. Suppose -3*q - 5*m - 28 = 0, 0*m = 3*q - m - 2. What is r(q)?
24
Let m(n) = n - 10. Let h(j) = -12*j - 54. Let o be h(-5). What is m(o)?
-4
Let x(p) = -34*p + 3 + 55*p + 10*p. Give x(1).
34
Let y(n) = n + 5. Let f be (12/6)/(1/((-14)/4)). What is y(f)?
-2
Let f = -2 + 19. Suppose v + 3*v = -x + 14, f = 4*x + 3*v. Let i(y) = 0*y**3 + x*y**3 - 4*y**2 - y**3 + 9*y**2 + 5. What is i(-5)?
5
Let o(g) = -g**2 + 8*g - 17. Let u be o(8). Let s = u + 16. Let h(a) = 4*a - 1. Calculate h(s).
-5
Let d(x) = x + 3. Let o(n) = -n**2 + 7. Let k be o(5). Let b = k + -6. Let p = b + 20. Calculate d(p).
-1
Let p(k) = 244*k - 245*k + 15 - 3. Let y = -8 + 4. Let q be y/(-14) + (-94)/(-14). Calculate p(q).
5
Suppose -6*g + 26 = 62. Let w(j) = 3*j + 10. Let a(c) = -4*c - 11. Suppose 5*k + y - 18 = 2*y, y - 3 = -2*k. Let f(l) = k*w(l) + 2*a(l). Calculate f(g).
2
Let o(s) be the first derivative of s**3/6 - s**2/2 + 39*s + 18. Let b(a) be the first derivative of o(a). Calculate b(-8).
-9
Let x(h) = -20*h**2 - 1. Suppose 6 = -i + k, 7 = 10*i - 7*i + 2*k. Determine x(i).
-21
Let d(i) = -i**3 - 9*i**2 - i - 9. Let f = -99 - -99. Suppose f = -x - 14 + 5. Give d(x).
0
Let t(x) = x**2 - 4*x - 8. Suppose -5*p - 3 = -13. Suppose -2*c - 3*a = 2*a + 18, -p*a = -2*c + 10. Let z(w) = 5*w**2 + w. Let m be z(c). Calculate t(m).
4
Let x(l) = l**3 + 5*l**2 - 6*l - 2. Let o be x(-6). Let m(f) = f**2 + 1. Let a(w) = 3*w**2 + 2*w + 5. Let c(q) = a(q) - 2*m(q). Calculate c(o).
3
Let p(t) be the first derivative of -t**4/4 + t**2 - 31. Determine p(-2).
4
Let c(x) be the third derivative of -x**6/120 + x**5/20 - x**4/12 + x**3/3 + 6*x**2. Let y be c(2). Let t(l) = -l**2 - 2*l + 3. What is t(y)?
-5
Let c(g) = -g - 1. Suppose -m = 5*k - 75, 332 = 4*m + k - 25. Let p = m + -92. Calculate c(p).
1
Suppose -y - 4*f + 11 = -2*f, 0 = -5*f + 20. Let d(m) = -1 + y*m - 2*m + 3*m - 5*m. Let p(q) = q**3 + q**2 - 3*q - 1. Let a be p(-2). Determine d(a).
-2
Let x(w) = w**3 - 5*w**2 - 4. Let u be (-2)/5 + 132/55. Suppose -a + 8 = -o, 0*a - 4*o = -u*a + 22. Calculate x(a).
-4
Let k(r) be the second derivative of -r**3 - 1/12*r**4 - 6*r + 0 + 5*r**2. Determine k(-7).
3
Let v(b) = 5*b**3 + b**2 + 4*b - 3. Let f be (-34)/(-6) - (-16)/48. Let z(s) = 9*s**3 + s**2 + 9*s - 5. Let g(y) = f*z(y) - 11*v(y). Calculate g(-7).
31
Suppose -220 = 2*r - 232. Let y(d) = d**2 - 7*d + 10. Calculate y(r).
4
Let o(f) = f**3 + f**2 - 2. Let x(u) = -21*u**3 + 12 - 9 - 2*u**2 + 19*u**3. Let w(y) = 5*o(y) + 3*x(y). Give w(-3).
17
Let d = -4 - -5. Suppose 2*h + 3 = d. Let g(x) = -5*x**3 - x**2 - x - 1. Let b be g(h). Let a(r) = r + 1. Calculate a(b).
5
Let r(v) = -v**2 - 5*v - 9. Suppose 0 = -3*c + 48. Suppose 0 = 4*w + 8 + c. What is r(w)?
-15
Let i(g) be the second derivative of -g**6/120 - g**5/15 + g**3/2 + 13*g**2/2 + 14*g. Let f(x) be the first derivative of i(x). Calculate f(-3).
-6
Suppose 0 = -5*d - 3*m, d - 4*m = -3*m. Suppose 2 = -o + 1. Let x be 0/o + 3 - d. Let y(t) = -t**3 + 4*t**2 - 2*t + 1. What is y(x)?
4
Let n(s) = -2*s. Let o(j) = -j**3 + 5*j**2 - 4. Let v be o(5). Let p(l) = -5*l - 1. Let h(i) = v*p(i) + 11*n(i). Let q = -25 + 31. Give h(q).
-8
Let o(k) be the third derivative of -k**7/2520 - k**6/360 - 19*k**4/24 - 39*k**2. Let x(q) be the second derivative of o(q). Give x(-4).
-8
Let f(v) be the first derivative of v**3/3 - v**2 + 3*v - 8. Let b = -98 + 95. Give f(b).
18
Let x(k) be the third derivative of -k**4/24 + 89*k**2. Calculate x(5).
-5
Let y(d) = -16*d + 522. Let o be y(33). Let r(i) = i**3 + 7*i**2 + 7*i + 12. Give r(o).
6
Let v = -608 + 604. Let g(p) = p**2 + 3*p - 4. Give g(v).
0
Let k(g) be the second derivative of 2*g**3/3 + 7*g**2/2 - 399*g. Let d(m) = m**2 + 7*m + 5. Let v be d(-5). What is k(v)?
-13
Let x(i) be the first derivative of -1/3*i**3 - 3 + 4*i + 0*i**2. Determine x(3).
-5
Let k(p) = p**2 - 6*p + 6. Suppose 46 = 2*c - 6. Let u = c - 20. Give k(u).
6
Let b = 14 - 11. Suppose -6 = 6*j - b*j. Let l(s) = 3*s**3 + 4*s**2 + 2*s - 1. Give l(j).
-13
Let p(y) = 44*y**2 + 40*y**2 + 1 + 5*y + 43*y**2 - y**3 + 0*y - 124*y**2. Suppose -n = -3*n + 10. Suppose -5*l = 5*x + 5, -2*l + 18 = -n*x + 3*x. Give p(l).
5
Let g(x) = -3*x - 4*x - 5*x - 5 + 10*x. Give g(-3).
1
Suppose 1 = -z + 3*c, -5*c + 7 - 17 = 0. Let q(h) be the third derivative of h**5/60 + 7*h**4/24 + 5*h**3/6 + 2*h**2. Determine q(z).
5
Let c(m) = -m - 3. Suppose -l - 3*h + 15 = 0, 5*l + 2*h - 65 - 36 = 0. Let o = l + -16. Suppose x + 22 = -4*r, -r = -o*x - 10 - 16. De